4 + 108. Let s(h) = 8*h**2 + h - 2. What is the remainder when s(x) is divided by 44?
42
Let y(s) = -s**2 - 25*s - 137. Suppose -2*m = -0*m - 10. Calculate the remainder when y(-13) is divided by m.
4
Let k(c) = c**2 + 5*c - 6. Suppose 92*s = 91*s + 89. What is the remainder when s is divided by k(-8)?
17
Let f = -15 + 34. Let i = -89 + 143. Calculate the remainder when i is divided by f.
16
Let d(k) = 6*k - 1. Let t = 39 + -44. What is the remainder when d(5) is divided by 3/2 + (t - 115/(-10))?
5
Let i = 86 - 46. Suppose -x = -26 + 3. Let d = i - x. What is the remainder when d is divided by 6?
5
Suppose 4*z - 46 = -2*s, 11*s - 6*s - 70 = -z. What is the remainder when 25 is divided by s?
12
Suppose -4*c - 3*j - 39 = 0, 3*j + 15 = 8*j. Let p = c + 11. Let s = p + 13. What is the remainder when 34 is divided by s?
10
Let b = 162 - 140. Let i = -20 + 30. Calculate the remainder when b is divided by i.
2
Suppose 527*b = 533*b - 1926. What is the remainder when b is divided by 12?
9
Let q(d) = 2*d**2 + 4*d - 4. Let p(w) = -w**3 + 5*w**2 - w - 3. Let x = 7 - 3. Calculate the remainder when q(3) is divided by p(x).
8
Let u(z) = z**2 - 2*z - 4. Let g be ((-6)/(-2))/((-3)/(-4)). Suppose 2 = -g*a + 126. What is the remainder when a is divided by u(-3)?
9
Suppose -4*u = -8 - 0. Let i = 59 + -27. Suppose 0 = -4*b - 5*w + i, -u*b = -0*b + 3*w - 14. Calculate the remainder when 25 is divided by b.
12
Let x(r) = 11 - 7*r - 25*r + 26*r. What is the remainder when x(0) is divided by 4?
3
Suppose -5*u + 20 = 0, 9 = -5*g - 5*u + u. Let k(v) = -v**2 - 7*v + 15. Calculate the remainder when 47 is divided by k(g).
22
Let o = -5083 - -5106. Suppose 3*c - 2*c - 40 = 0. Calculate the remainder when c is divided by o.
17
Let j(o) = 2*o**2 + 51*o + 107. What is the remainder when 207 is divided by j(-24)?
32
Let w(l) = -l + 3. Let o be w(4). Let x = 12 - o. What is the remainder when x is divided by (4/(-10))/(30/(-525))?
6
Let n(l) = -4*l**2 - 7*l. Let p(m) = 4*m**2 + 8*m - 1. Let g(x) = -4*n(x) - 3*p(x). Calculate the remainder when g(-3) is divided by 15.
12
Suppose k = i - 18, -4*k - 1 = -3*k. What is the remainder when 82 is divided by i?
14
Let m(g) = g + 140. Calculate the remainder when m(-47) is divided by 19.
17
Let q be (12/4)/((-6)/(-4)). Let i be 2/5 + q/(-5). Suppose i = -j + 1, -j - 54 = -5*c - 0*j. What is the remainder when 19 is divided by c?
8
Let n(m) = -10*m - 4*m + 1 + 15*m. Let q be n(-2). What is the remainder when 65 is divided by 3*-23*q/3?
19
Suppose -4*s + 5 = -h - 3, -h = -2*s + 6. Let r be -3 + 0 - 3/s. Calculate the remainder when (-35)/20*(r + -2) is divided by 5.
4
Let j = 347 + -328. What is the remainder when 53 is divided by j?
15
Calculate the remainder when -9 - 0 - (-822 - 22) is divided by 19.
18
Suppose 0 = -11*f + 4*f + 245. Calculate the remainder when 136 is divided by f.
31
Let m(f) = -97*f - 7. Let j be m(-2). Suppose 0 = -11*x + j + 143. What is the remainder when x is divided by 11?
8
Suppose 12*i - 634 = 302. Suppose -3*o + 4*o - 16 = 0. Calculate the remainder when i is divided by o.
14
Suppose -16 = -3*w + 4*q, 2*q = -2*w + q + 18. Let f(a) = -a**3 - 5*a**2 - 2*a + 5. Calculate the remainder when f(-5) is divided by w.
7
Let a(l) = l**2 + 4*l + 2. Let w be (-411)/(-21) + 6/14. Suppose w = -5*t - 15. Calculate the remainder when 91 is divided by a(t).
22
Suppose -5*b = -4*y + 11, -2*b - 3 = -y - 1. Suppose 111 - 39 = y*w. Let k = 63 - 12. What is the remainder when k is divided by w?
15
Let k(j) = 3*j - 2 + 3*j**2 + 30 - 8. What is the remainder when k(-6) is divided by 38?
34
Let u = 23 - 14. Let x = u - 2. What is the remainder when (-22)/(-5)*45/18 is divided by x?
4
Let m = -107 + 49. Let x = m + 181. Calculate the remainder when x is divided by 31.
30
Let k = 706 - 359. Calculate the remainder when k is divided by 9.
5
Let b(x) = -x + 54. What is the remainder when b(25) is divided by 6?
5
Let h(x) = -3*x**3 + 0 - 5*x**2 + 3*x + 5 + 4*x**3. Suppose 0 = -28*f + 4*f + 120. What is the remainder when 79 is divided by h(f)?
19
Let x be (-10)/(-2)*(-7 - -6). Calculate the remainder when 83 is divided by (2/5)/(x/(-175)).
13
Let q = 19 + -8. Suppose q - 140 = -3*c. Calculate the remainder when c is divided by ((-3)/2)/(4/(-40)).
13
Let g = -30 + 49. Let j(i) be the second derivative of i**5/20 - 5*i**4/12 - 11*i**3/6 - 5*i**2 + 30*i. What is the remainder when g is divided by j(7)?
8
Let o = 2 - -1. Let b = 57 - 34. Suppose 4*l = 7*s - 2*s - 13, l = -4*s + b. Calculate the remainder when l is divided by o.
0
Let d(o) = -o**2 + 6*o. Let w be d(5). Suppose 0 = 5*u - 6*u + w. Suppose 3*n - n = u*r - 76, 2*n = -6. What is the remainder when r is divided by 5?
4
Let u be 4/(((-7)/14)/(1*8)). Let j = u + 74. Calculate the remainder when 48 is divided by j.
8
Let u = 0 + 10. Let f(p) = -7*p + 113. Calculate the remainder when f(12) is divided by u.
9
Let t = 88 + -84. Suppose -588 = -t*b - 3*b. Suppose -2*m + 7 = -4*u + 95, 5*m = 0. Calculate the remainder when b is divided by u.
18
Let j(s) = -3*s**3 - 28*s**2 + 10*s - 2. Let h = 46 - 26. What is the remainder when j(-10) is divided by h?
18
Let p = 109 + -45. What is the remainder when p is divided by 34?
30
Suppose -3*p = 10*f - 12*f + 5, -5*p = -25. Calculate the remainder when 2168 is divided by f.
8
Suppose -k = -m - 46, -5*m + 0*m - 144 = -3*k. Let y = -1150 - -1166. What is the remainder when k is divided by y?
11
Let n = 247 + -220. What is the remainder when 76 is divided by n?
22
Let x = -62 + 68. Calculate the remainder when 50 is divided by ((-8)/x)/(((-60)/(-63))/(-10)).
8
Suppose -2*g + 30 = -o + 89, 4*o - 263 = -g. Suppose a - 22 = -0*a. Calculate the remainder when o is divided by a.
21
Let v = -93 + 153. What is the remainder when v is divided by 16?
12
Let d = 13 + -8. Suppose -3*f = r - 13, -d*f + r = -1 - 10. Suppose o = f*i - 170, -5 = o - 0*o. What is the remainder when i is divided by 29?
26
Suppose -12*y = 185 - 245. Calculate the remainder when 29 is divided by y.
4
Let j(t) = 7*t + 8. Let b(i) = i. Let m(v) = -4*b(v) + j(v). What is the remainder when m(10) is divided by 20?
18
Suppose -u + 4*p + 11 = 0, 5*u - 3*p - 18 = u. Suppose i = 2*j + u*j + 63, -2*i + 2*j + 94 = 0. Calculate the remainder when i*(10/2 - 4) is divided by 23.
20
Let x(u) = -u**2 + 32*u + 83. Calculate the remainder when x(26) is divided by 33.
8
Let w(n) = -n - 12. Let x be w(-8). What is the remainder when 5/((4/(-5))/x) is divided by ((-28)/(-12))/((-2)/(-6))?
4
Suppose -701 - 1325 = -2*z - 4*q, -q - 5120 = -5*z. What is the remainder when z is divided by 18?
15
Suppose 5*m = 3*b - 34, 0*b + m + 68 = 4*b. Calculate the remainder when b is divided by 6.
0
Let u(t) = t**2 - 10*t - 17. Calculate the remainder when u(24) is divided by 10.
9
Suppose 0 = 3*f - 310 - 1109. Calculate the remainder when f is divided by 34.
31
Let w be -8*13 + 6 + -3. Let a = w - -108. Calculate the remainder when 47 is divided by a.
5
Let q(d) = d**3 - 17*d**2 + 10*d - 4. Let x be q(17). Suppose -g = -3*a - 45 + x, 5*a + 3*g - 211 = 0. What is the remainder when a is divided by 22?
19
Let p(h) = -h**3 + 4*h**2 + 7*h - 4. Let m(y) = -2*y**2 - 40*y - 45. What is the remainder when m(-18) is divided by p(5)?
3
Let n(h) = 4*h**2 - 1. Let o(z) = -z**3 + 5*z**2 + 6*z + 1. Let t be o(6). What is the remainder when ((-1)/2)/((-2)/24) is divided by n(t)?
0
Suppose -3 + 1 = -b. Suppose 0 = -5*s + b*s + 21. Calculate the remainder when ((-3)/3 + -4)*(-8)/2 is divided by s.
6
Let y = -129 + 144. What is the remainder when 73 is divided by y?
13
Let b(d) = d**3 + d**2 + 20. Suppose -a - 4*m = 8, 4*m + 8 = -2*a - 3*a. Suppose 416*r = 278*r + 8142. Calculate the remainder when r is divided by b(a).
19
Let b(q) = -q**2 + 14*q - 26. Let n be b(12). Let j = 173 + -255. What is the remainder when (n/(-2))/((-2)/j) is divided by 11?
8
Let j = -4 + 8. Let b(k) = 1. Let z(t) = -t + 3. Let x(r) = 5*b(r) - z(r). What is the remainder when 11 is divided by x(j)?
5
Suppose -3*y = f - 31 - 84, -y = 4*f - 42. Calculate the remainder when y is divided by 10.
8
Let j(h) = -h**2 + 2*h + 37. What is the remainder when j(0) is divided by 5?
2
Let h = 14 + -15. Let a be (h/(-2))/(1/(-276)). Calculate the remainder when a/(-4) - (